nd 14993?
29
What is the greatest common factor of 192649083 and 2022?
1011
Calculate the greatest common divisor of 20219004 and 1053.
351
What is the highest common factor of 23058 and 331116?
6
Calculate the highest common divisor of 35050330 and 630.
70
Calculate the greatest common divisor of 41225 and 191963.
97
Calculate the highest common divisor of 3213 and 95063031.
3213
What is the highest common divisor of 20 and 13223660?
20
Calculate the highest common divisor of 1366473 and 351.
3
Calculate the highest common factor of 7174825 and 10150.
175
What is the greatest common divisor of 132 and 2100040932?
132
What is the greatest common divisor of 7236 and 10152979?
67
Calculate the highest common divisor of 6258465 and 6363.
909
What is the greatest common divisor of 43574452 and 376?
188
What is the greatest common divisor of 9811983 and 89?
89
Calculate the greatest common factor of 3803 and 857093519.
3803
Calculate the highest common divisor of 208 and 1160887.
13
What is the greatest common factor of 99132663 and 63?
21
Calculate the greatest common factor of 18120 and 17326344.
3624
What is the greatest common factor of 502617 and 1402?
701
Calculate the greatest common divisor of 6778604 and 224.
28
Calculate the highest common divisor of 20027 and 177427776.
2861
Calculate the greatest common factor of 13448 and 58264.
8
What is the highest common divisor of 2325 and 19761570?
465
Calculate the greatest common divisor of 19803 and 594336.
123
Calculate the greatest common factor of 5870994 and 95742.
1182
What is the greatest common factor of 1383 and 44336214?
1383
Calculate the greatest common factor of 504102422 and 398.
398
What is the highest common divisor of 1568 and 278211612?
196
Calculate the greatest common factor of 814768882 and 46.
46
Calculate the highest common factor of 9947275 and 4953.
1651
Calculate the highest common divisor of 567731 and 20381.
89
What is the highest common divisor of 652 and 1013429680?
652
Calculate the greatest common factor of 98 and 164443034.
14
What is the highest common factor of 34039299 and 2186?
1093
What is the highest common divisor of 1117997 and 61073?
157
What is the greatest common divisor of 563461 and 2249?
173
What is the greatest common factor of 49191 and 453?
3
Calculate the greatest common divisor of 1570 and 8101.
1
Calculate the greatest common divisor of 29027289 and 87.
87
Calculate the greatest common factor of 5594532 and 6557.
83
What is the greatest common divisor of 408359 and 49?
7
Calculate the greatest common factor of 188916 and 32122986.
7266
Calculate the greatest common factor of 11250550 and 5800.
1450
What is the highest common factor of 757254 and 28182?
366
What is the greatest common divisor of 167647 and 425315?
37
Calculate the greatest common factor of 228 and 7181340.
12
Calculate the greatest common factor of 69006437 and 2264.
283
What is the highest common divisor of 4278 and 92874?
138
What is the highest common factor of 3971 and 4411?
11
Calculate the highest common divisor of 166503770 and 1070.
1070
What is the highest common divisor of 18024180 and 10740?
60
Calculate the highest common divisor of 11046556 and 1812.
604
What is the greatest common factor of 1192 and 22896532?
596
Calculate the highest common factor of 1146982701 and 543.
543
What is the greatest common divisor of 4992519 and 903?
21
Calculate the greatest common divisor of 344 and 30809672.
344
What is the greatest common divisor of 13790627 and 362831?
3049
Calculate the highest common factor of 21509 and 21623669.
137
Calculate the highest common divisor of 948100 and 15580.
380
What is the greatest common factor of 18911064 and 109?
109
What is the highest common factor of 22992372 and 234?
234
What is the highest common factor of 507 and 73413769?
169
What is the highest common divisor of 256222248 and 24?
24
Calculate the highest common divisor of 4979566 and 1712.
214
Calculate the greatest common factor of 2417450 and 4130.
70
What is the greatest common factor of 25756438 and 209494?
5662
What is the greatest common factor of 1275 and 4485433?
17
Calculate the highest common divisor of 181813239 and 2637.
2637
What is the highest common divisor of 512973 and 42220?
2111
Calculate the greatest common factor of 7498 and 4582256.
326
Calculate the highest common divisor of 86777622 and 918.
918
What is the highest common divisor of 41276 and 126565?
17
What is the highest common factor of 189 and 8243781?
21
Calculate the highest common factor of 17942408 and 69960.
4664
Calculate the greatest common factor of 792 and 53498104.
88
Calculate the greatest common factor of 584 and 35696051.
73
What is the greatest common factor of 3 and 714075?
3
Calculate the greatest common factor of 98417 and 109571.
11
What is the greatest common factor of 4949600 and 5?
5
What is the highest common divisor of 33 and 3513466?
11
What is the highest common divisor of 29519 and 10339?
7
Calculate the highest common divisor of 118999 and 3748.
937
What is the highest common divisor of 12862 and 293210?
218
Calculate the greatest common divisor of 12 and 19365252.
12
Calculate the highest common factor of 58325810 and 15759.
1751
Calculate the highest common divisor of 44092869 and 6.
3
What is the greatest common divisor of 327473103 and 138?
69
Calculate the greatest common divisor of 3655 and 3948590.
85
Calculate the highest common divisor of 2742 and 10523339.
457
What is the greatest common divisor of 283802 and 5986?
82
Calculate the highest common divisor of 2167099 and 11.
11
What is the highest common divisor of 109359 and 146231?
419
What is the highest common divisor of 120855276 and 10355?
2071
Calculate the greatest common divisor of 265408 and 128354.
58
Calculate the greatest common factor of 5292 and 152823.
3
Calculate the greatest common factor of 9310 and 1408470.
1330
Calculate the greatest common divisor of 12563345 and 22520.
2815
What is the highest common factor of 237576 and 8550?
114
Calculate the highest common divisor of 228 and 3618284.
76
Calculate the greatest common divisor of 2149 and 164507.
7
Calculate the highest common divisor of 73914 and 3057634.
194
What is the greatest common divisor of 258096 and 57456?
912
Calculate the greatest common factor of 53718765 and 45.
15
Calculate the highest common divisor of 560 and 4112710.
70
What is the highest common factor of 318 and 26534874?
318
What is the highest common factor of 133996 and 107968?
964
What is the highest common divisor of 611 and 199748120?
611
Calculate the highest common factor of 3415 and 28227024.
683
Calculate the greatest common divisor of 9044 and 3673992.
532
Calculate the greatest common factor of 354484 and 54366.
442
Calculate the highest common divisor of 2100093 and 187456.
2929
What is the greatest common factor of 13180 and 206620?
20
What is the highest common divisor of 73508 and 323253592?
4324
What is the highest common factor of 21807430 and 296?
74
What is the greatest common divisor of 1100 and 2067943900?
1100
Calculate the highest common factor of 352 and 104830.
22
Calculate the greatest common divisor of 2802397 and 16133.
949
Calculate the highest common divisor of 166874601 and 51.
51
Calculate the greatest common factor of 2441 and 220937351.
2441
Calculate the greatest common factor of 12365 and 1790.
5
What is the highest common divisor of 384 and 240414?
6
Calculate the highest common divisor of 30248 and 8216056.
152
What is the greatest common divisor of 359 and 10022921?
359
What is the highest common divisor of 5 and 111894965?
5
Calculate the highest common divisor of 19350 and 15200.
50
Calculate the greatest common factor of 4062667 and 35.
7
Calculate the greatest common factor of 285629164 and 434.
62
Calculate the highest common factor of 144570924 and 612.
612
Calculate the highest common divisor of 3295 and 26116829.
659
Calculate the highest common divisor of 76116 and 192.
12
What is the greatest common divisor of 30660 and 1142820?
420
Calculate the highest common divisor of 2788392 and 32.
8
Calculate the highest common divisor of 22630910 and 153.
17
Calculate the highest common factor of 121249 and 95033.
3277
What is the gre